67 = -7*k - 188. Let w(v) be the second derivative of -v**3/3 - 3*v**2/2 - 2*v. What is w(k)?
3
Let m(l) = l**2 + l + 2. Suppose 3 = 3*g - 0*g. Let o be (5 - (g - -1))/((-3)/(-9)). Suppose -d - 2*x - x = -o, 5*x - 15 = 0. What is m(d)?
2
Let v(w) = -2*w**3 + 2*w**2 + w + 2. Suppose 0 = -6*o + 3*o + 2*g + 4, -5*o + 4*g = -6. Suppose 3*l + o = 8. Calculate v(l).
-4
Let s be (5/(70/21))/(3/4). Let t(d) = -4*d + 38*d**s - 26*d**2 + 3 - 4*d**3 + 3*d**3 - 17*d**2. Suppose -9 = 4*g + 7. Calculate t(g).
3
Let t(z) = -z**2 - 32*z - 228. Suppose -484*h + 3*p = -488*h - 94, -7*h - 3*p = 160. What is t(h)?
-8
Let g(d) be the first derivative of -7*d**2/2 + 27*d + 796. Give g(5).
-8
Let w(a) be the second derivative of -a**5/20 - a**4/4 - a**3/3 - 5*a**2 + 4468*a. Calculate w(-4).
14
Let r(i) = 8*i + 4. Let l(t) be the first derivative of -3*t**2 - 3*t + 64. Let w(p) = -3*l(p) - 2*r(p). What is w(3)?
7
Let t be 10 - 9 - -9 - 8. Let n be (0 + (-4)/6)*-6. Suppose -n*u - t = 18. Let s(y) = y**3 + 4*y**2 - 3*y + 6. What is s(u)?
-4
Let l(m) = -450*m - 5396. Let d be l(-12). Let n(t) be the third derivative of -1/6*t**3 + 4*t**2 + 1/12*t**5 + 5/24*t**d + 1/120*t**6 + 0*t + 0. What is n(-4)?
-5
Suppose -6*v + 5*v + 31 = 0. Suppose -m = -3*a - 5*m + 140, 3*m - 15 = 0. Let p = v - a. Let z(g) = -g - 11. Give z(p).
-2
Let c(y) = 36*y. Let o(v) = 3*v**2 - 9 - 2*v - 8*v + 0*v**2. Let l be o(4). Determine c(l).
-36
Let y(r) = r**2 - 3*r - 3. Let n be -3*332*(-4)/(-16). Let z = 252 + n. Calculate y(z).
-3
Let l(c) = c**2 - 7*c. Let z = 326 - 281. Suppose 8*k + 7*k - z = 0. Calculate l(k).
-12
Suppose 0 = 28*k + 3*k - 837. Let n(p) = p**3 + 6*p**2 - 4*p - 9. Let s be n(-7). Let h = k + s. Let m(b) = -b**3 - 5*b**2 - 5*b - 3. What is m(h)?
-6
Let w = -5 - -11. Let b(o) = o**2 - 4*o - 5. Let l be b(w). Let z(c) = 3*c**2 - 2*c - 3*c + 11*c - c**3 + 0*c**2 + 3*c**2. What is z(l)?
-7
Suppose -4*c + c - 3*g = 0, -4*c + 6 = 2*g. Let d be 0 + c/(-9)*(-45 + 0). Suppose -6*w = -45 + d. Let v(y) = y - 7. Give v(w).
-2
Let t = 460 + -474. Let m(o) = 2*o + 21. Give m(t).
-7
Let f = 3 - 9. Let a be 4/(-32) - 275/(-88). Let o(c) = a*c + 2*c**2 + c - c**2 + 3*c + 2 - c. What is o(f)?
2
Let q(y) be the third derivative of -y**4/12 - 10*y**3/3 + 60*y**2. Give q(-9).
-2
Let d = 14005 - 9824. Let h(x) = -x**2 - d*x - 4176*x + 8363*x + 2. Let l(q) = -q**3 - 2*q**2 + q. Let y be l(-3). Calculate h(y).
2
Let d = 20549 + -20544. Let s(k) = k**2 - 2. Let o be s(3). Let n(l) = -4*l**2 - 6*l + 0 + 5*l**2 + o. Calculate n(d).
2
Suppose 0 = 2*s - f - 3, 2*f - 7 = -3*s + f. Let a(t) = 12*t**2 - t**s - 1 - 18*t**2. Calculate a(1).
-8
Let w be 1*-3 + (-15)/(9 + -14). Let s(m) = 2*m + 47*m**3 + 0 + w - 48*m**3 - 8 + 6*m**2. What is s(6)?
4
Let o(u) = 23*u**3 + u**2 + 13*u. Let y(c) = 47*c**3 + 3*c**2 + 31*c + 1. Let f(v) = -5*o(v) + 2*y(v). Give f(1).
-21
Let z(g) be the second derivative of -g**3/6 - g**2/2 - g. Let s(h) = 15*h**2 - 2*h + 7. Let y be s(-4). Let c = y + -257. Give z(c).
1
Let t(z) = 2*z**3 + 34*z**2 - 34*z + 43. Let y = 5281 + -5299. Give t(y).
7
Let h(f) be the second derivative of -13*f**3/3 + 155*f**2 + 5905*f. Calculate h(11).
24
Let z(k) = -45*k - 48*k + 145*k - 5 - 55*k. Determine z(-8).
19
Let z(b) be the first derivative of 3*b**2/2 - 55*b + 1041. Determine z(21).
8
Let b(f) = -2*f + 1. Let i = 181 - 180. Let a be i/2 + 10/(-4). Determine b(a).
5
Let g(a) = 59 - 4*a - 3*a - 97 + 40. Determine g(1).
-5
Let v(j) = -83*j - 37 + 70*j**2 - 109*j**2 - 4 - 23*j**2 + 67*j**2. What is v(17)?
-7
Suppose 0 = -r + 5*f + 16, 20*r - 14*r - 46 = 5*f. Let q(k) = k + 18. Give q(r).
24
Let c(l) = -2*l**2 - 69*l + 102. Let q be c(-36). Let t(i) = -i**2 - i - 2. Let y(g) = -4*g**2 - 7*g - 12. Let z(f) = q*t(f) + y(f). Determine z(1).
1
Suppose y + 2 = 2*h, -393 + 421 = 4*h. Let c(g) = -g**3 + g - 1. Let k(p) = -3*p**3 - 13*p**2 + 15*p + 11. Let f(v) = -4*c(v) + k(v). Calculate f(y).
3
Let x(k) = k**3 - 4*k**2 - 3*k + 2. Let b be ((-94)/(-141))/(1/3). What is x(b)?
-12
Let a = -7921 + 7923. Let x(u) be the first derivative of 1 - 1/2*u**a + 0*u. Calculate x(3).
-3
Let h be 3/(-24) - 1078/(-176). Let m(g) = 5 - g + h - 7 + 5. Give m(9).
0
Let g(v) be the third derivative of v**5/20 - v**4/6 + v**3 + 128*v**2. Let l(h) = -16*h**2 + 21*h - 31. Let q(t) = -11*g(t) - 2*l(t). What is q(4)?
-12
Let n = -124 + 138. Let o be (n/5)/((-12)/(-30)). Let w(y) = -3*y**2 + 3*y**2 + 3*y + 3*y - y**2 + 6. Determine w(o).
-1
Let y(z) = 2*z + 7. Let g(t) = 2*t - 2. Let m(v) = -4*g(v) - y(v). Let o be -42 - -42 - 1/(-2)*-2. Determine m(o).
11
Let p(h) = 1001*h - 1969*h + 963*h + 33. Determine p(5).
8
Let o(d) = 15*d**3 - 38*d**2 - 61*d + 79. Let v(w) = 7*w**3 - 18*w**2 - 28*w + 39. Let f(x) = 6*o(x) - 13*v(x). What is f(6)?
-45
Let o(g) = 7*g - 19. Suppose -26*w = 403*w - 2574. Give o(w).
23
Let x(t) = t**2 - 9*t + 8. Let l = -18 + 16. Let v = 3 - l. Let j be ((-21)/6)/(v/(-10)). Determine x(j).
-6
Suppose 2*f + 4*k = 16, 3*k - 3 + 19 = 2*f. Let l(v) be the first derivative of v**4/4 - 8*v**3/3 - v**2/2 + 8*v + 3309. Calculate l(f).
0
Let z(n) = 46*n**2 - 35*n**2 + 2 - 6*n**3 + 0*n - 5*n - 4*n**2 + 5*n**3. Suppose 8 = 4*k - 16. Determine z(k).
8
Let i(h) be the third derivative of 0 + 0*h + 1/60*h**5 + 0*h**4 + 1/3*h**3 - h**2 - 1/120*h**6. Suppose 27 - 16 = 15*y - 19. Determine i(y).
-2
Suppose -4 = 2*n - 0*q + q, 0 = 2*q + 4. Let m(o) = 3 - 1 - 5 - o + 2 - 16*o**2. Determine m(n).
-16
Suppose -158*r + 41 = 615 + 216. Let d(s) = s**3 + 3*s**2 - 6*s + 3. Determine d(r).
-17
Let g(o) = o**3 + 4*o - 3*o**2 + 0*o**2 - 2 - 5*o**2. Let l = 260 - 253. Suppose -4*a = -5*p + 35, p - 2*a = -5*a + l. Calculate g(p).
-23
Let j be ((-105105)/4095)/((-7)/(-3)). Let r(w) = 3*w + 2. Let g(s) = -6*s - 3. Let f(h) = -2*g(h) - 5*r(h). Determine f(j).
29
Let y(r) = -r**3 - 12*r**2 - 28*r - 77. Let l be 20/(-14)*(2 + -12 - -17). Calculate y(l).
3
Let i = 101 - 93. Suppose -20*u - i = -24*u. Let s(b) = 0*b**u + 214*b - 213*b - b**2 + 1. What is s(3)?
-5
Let s(i) = 19*i**2 - 31*i. Let x(g) = -15*g**2 + 27*g - 1. Let y(t) = -2*s(t) - 3*x(t). Calculate y(4).
39
Let w(b) = -b**3 - 15*b**2 + 36*b + 36. Suppose -4564 = 207*t - 1045. Give w(t).
2
Suppose -10*c + 23*c = 65. Suppose 0*x + 2*x = 8, -4*b = c*x - 8. Let t(o) = -o**3 - o**2 + 3*o - 1. Determine t(b).
8
Let k(c) = c**3 + 18*c**2 - 4*c - 73. Let d be k(-18). Let q(b) = -b**2 - b. Let r(l) = -l**3 + 10*l**2 + 11*l. Let s(v) = d*r(v) - 5*q(v). What is s(6)?
0
Suppose 2*d + 34 = h + 38, 36 = 5*d + 4*h. Let n(y) = -4*y**2 + 9*y - 3. Determine n(d).
-31
Let v = -3 + -2. Let a = 639 + -526. Let t(r) = 50 - a + 57 - r. Give t(v).
-1
Let v = 309 + -304. Suppose 0 = 3*l - 4*k + 41, -v*l - 15*k = -13*k + 51. Let j(a) = a**3 + 10*a**2 - 12*a - 16. Determine j(l).
-5
Let g be 156/(-54) + 3/(-27) - -15. Suppose -g = -k - 21. Let h(t) = t**2 + 9*t + 8. Give h(k).
8
Let l(f) be the first derivative of -1/40*f**5 - 1/8*f**4 + 0*f + 0*f**2 - 13*f**3 - 30. Let p(t) be the third derivative of l(t). What is p(-3)?
6
Let r be (-9 - -1)/((-102)/51). Let v(f) = -r*f - 13*f + 22*f + 4 + 0. Calculate v(-3).
-11
Suppose 34*l - 86 = -324. Let x(p) be the third derivative of p**5/60 + 7*p**4/24 - 2*p**2. What is x(l)?
0
Let w(v) be the first derivative of -8*v**2 + 2*v - 482. Suppose 9*k - 8 = 10. Calculate w(k).
-30
Let d(h) = 18*h - 10. Let x(f) = 3*f**2 + 16*f - 60. Let u be x(-8). Determine d(u).
62
Let a(t) = 69*t. Let o be a(0). Let w(s) = -15 - 57*s + 23*s + 14*s + 19*s. What is w(o)?
-15
Let z(w) = -9*w**3 + 14*w**2 + 30*w - 26. Let t(y) = -13*y**3 + 15*y**2 + 30*y - 28. Let k(r) = 2*t(r) - 3*z(r). Determine k(14).
-6
Let q(g) = -g**3 - 79*g**2 - 1102*g - 84. Let i be q(-18). Let o(d) = -7*d - 70. What is o(i)?
14
Let c(f) = 5*f**2 - 2*f - 1. Suppose 2*r - 10 = 4*y, 3*y - 7375*r + 5 = -7376*r. Calculate c(y).
23
Suppose -32*y + 31*y = -2. Suppose w - 80 = -g, -5*g - 6*w + 399 = -y*w. Let d = g - 79. Let h(r) = r**3 + 10. Determine h(d).
10
Let n(k) be the first derivative of k**3/3 + k**2/2 - k + 21. Let h = -26 - -28. Suppose -m + h = -2*m. Determine n(m).
1
Suppose -u + 30 = 9*u. Suppose -11 = -u*s - h, s - 4*h + 9 = 6*s. Let z(x) = x**2 + 0*x + 0*x**2 - 7*x. Give z(s).
-10
Suppose 5*w - 428 = 5*j + 